) + (4 - (-4 - -7))
7
Evaluate -43 + 41 + (0 - 6).
-8
What is 5 - -3 - 5 - 2?
1
What is -10 + 11 + (-7 - -1) - 2?
-7
What is -1 + -4 + 4 + 6?
5
Calculate -8 - (3 + -1 - 15).
5
Calculate (1 - (-11 - -6)) + -2 + -2.
2
Calculate 8 + (0 + 5 + -1 - 10).
2
1 + 2 + (-3 - -1)
1
What is the value of 6 - (6 - (4 - (13 - 2)))?
-7
Calculate -2 + -8 - (2 - 4) - 0.
-8
(20 - 15) + -1 + -6
-2
Evaluate -6 + 6 + (-1 - 1) + 1.
-1
-6 - (-11 + -1) - 2 - 3
1
Calculate (1 - -1 - 5) + -6 + 13.
4
What is 1 - (-1 + 0) - (7 + -8)?
3
Evaluate (0 - 0) + 0 + 5.
5
Evaluate 3 - (10 - (-5 - -11)).
-1
0 - (-1 + 3 - 5)
3
-4 - (-6 - (2 + -4))
0
Evaluate -3 + 7 + -7 + 1 + -3.
-5
Calculate 4 - (-4 - -1 - -6).
1
What is the value of -2 + (-6 - (4 + -7))?
-5
What is the value of 8 - 17 - (1 + -5)?
-5
7 + -7 - (0 + -3)
3
What is the value of -7 - ((7 - 12) + -14) - 3?
9
(7 - (6 - 2)) + -2 + -3
-2
What is -4 - 0 - -2 - (-14 + 13)?
-1
What is 13 + (10 - 16 - 4)?
3
What is -2 + -5 + 2 + -1 + 3?
-3
6 - ((7 - -6) + -7)
0
What is 1 - -11 - ((-19 - -17) + 8)?
6
What is the value of (-40 + 37 - (-6 - 1)) + -7?
-3
What is 1 + 5 - (-4 + 6)?
4
What is the value of (1 + -1 - (-4 + 2)) + -6?
-4
Calculate 1 - 2 - (-1 + 0).
0
(0 - (4 - 2)) + 0 - -1
-1
9 + (-1 - 2) + -1
5
6 + -8 + 3 - (1 - 2)
2
What is the value of 10 + -6 - (-1 - -2)?
3
What is 0 - 2 - ((2 - 1) + 2)?
-5
What is the value of (0 + 4 - 11) + 11 + -13?
-9
What is 3 + -23 + 11 - -6?
-3
Evaluate -3 + 1 + (21 - 17) - -7.
9
What is the value of (-10 - (8 + -25)) + -7 + -1?
-1
(-2 + -4 + -2 - 1) + 7
-2
What is the value of 2 - (8 - (3 + -2))?
-5
Evaluate -8 + 16 + (-1 - 9).
-2
What is -4 + (1 - -1) - -1?
-1
What is (-6 - -10) + 3 + (0 - 2)?
5
What is the value of 0 + -3 + 2 + 3?
2
What is -3 + (9 + -4 + -4 - -1)?
-1
Calculate 3 + 0 + -8 + 7.
2
Evaluate (4 - -1) + (-46 - -41).
0
Evaluate -2 + -1 + 3 - (-2 + 0).
2
Evaluate -9 - 2 - -4 - -6.
-1
-3 + -3 + 0 + 6 + 1
1
Calculate 8 + -8 - (-2 - 0 - -6).
-4
What is -52 - -59 - (-1 - -11)?
-3
What is 5 + -2 + 3 + 11 + -15?
2
Evaluate -3 + (9 - (-7 - -14)).
-1
What is the value of -4 + -2 - (-8 + 5)?
-3
Calculate 2 - (4 + -10 + 9).
-1
What is -7 - -1 - (65 + -74)?
3
Evaluate -3 - 0 - (1 - 3 - -1).
-2
2 + (18 - (-1 - -13))
8
Calculate 8 - (-9 - -11) - 9.
-3
What is the value of -12 + (-1 - 3) - -7?
-9
-7 - -1 - (9 + -4 - 6)
-5
What is the value of 0 - 2 - (-4 - -1)?
1
What is the value of 1 + 0 - (-44 - -45)?
0
Calculate 8 + 1 - (6 + 1).
2
What is 2 + 2 + (4 - 0 - 5)?
3
Evaluate 8 + (11 + -23 - (-6 - 0)).
2
Calculate 4 - (-10 - -15 - 2).
1
Evaluate -2 - ((-8 - -4) + 6).
-4
What is the value of (6 - 2) + 2 - 5?
1
Calculate 11 - (10 + -5) - (16 + -19).
9
What is 2 - (2 - (0 - -5))?
5
Calculate 1 + 4 + -11 + 4 - 2.
-4
What is the value of (2 - -1) + -6 + 7?
4
(7 - 8) + (3 - -2)
4
Calculate -11 - -6 - (-6 + 4) - 2.
-5
Calculate -7 + 9 + (-5 - -3).
0
Calculate 6 + (-13 - (6 - 11)).
-2
(-32 - -23) + 11 + -4
-2
What is the value of -4 - (-11 - -3 - -9)?
-5
Calculate -4 + (-7 - (-6 + 3)) + 3.
-5
Evaluate 4 + (4 - (3 + 1)).
4
-14 + (6 - -4) + 5 + -11
-10
What is the value of (6 - (-2 + 0)) + -4 + -7?
-3
-1 - (2 - (2 - -2) - 2)
3
Calculate -6 + -6 + (6 + 14 - 7).
1
5 + -3 + (-2 - -2) - 2
0
What is -3 - ((-3 - -7) + -5)?
-2
What is the value of -6 + 1 - (73 - 80)?
2
Evaluate 1 - 1 - (24 + -13 + -12).
1
What is the value of (18 + -9 - 11) + 6?
4
What is the value of 12 + (0 - (-5 + 5)) + -6?
6
What is (11 - 17) + -2 + 11?
3
What is the value of (-2 - -1) + -4 + 4 + 1?
0
What is the value of -6 + (4 - -7) + -1?
4
What is the value of -5 - (-2 - (-11 + 7) - 3)?
-4
What is 4 + 2 + 4 + (-12 - -7)?
5
What is 0 - (8 + -3) - (-1 + -2)?
-2
Evaluate (-1 + -10 - -7) + (0 - 0).
-4
Evaluate (3 - 4) + 0 + 2.
1
Calculate -8 - (-5 + (-3 - -3)) - 3.
-6
Calculate 3 + -1 + 3 + -5.
0
Evaluate 0 + 2 - ((9 - 6) + 4).
-5
Evaluate -5 - ((6 - 1) + -5).
-5
-1 + 1 - (-9 - -5)
4
What is (13 - 5 - 3) + -2 + -8?
-5
What is the value of -1 + (3 + 7 - 4)?
5
What is -4 + (1 - -5) + (-3 - 0)?
-1
What is 1 + -3 + 2 - (8 - 11)?
3
What is -5 - ((-5 - -1) + 5 + -5)?
-1
-9 - (-14 - (3 + -16))
-8
What is 0 + 4 + 3 + -3?
4
What is the value of -2 + (-5 - -4) - -6?
3
-9 + 12 + (5 - -1) - 4
5
What is the value of -3 - 4 - (-3 + -8)?
4
Evaluate (5 - -4) + (1 - 2).
8
What is the value of (-2 - (6 + -2 - 3)) + -1?
-4
What is the value of 4 - (-1 + (0 - -3) - 0)?
2
Calculate (-1 - 8 - -3) + 3 + 14.
11
Evaluate 1 + (0 - -1) - (19 + -18).
1
What is (0 - 2) + 1 + -20 + 19?
-2
What is 4 - (-5 + (-4 - -2) + 7)?
4
4 + 1 + 2 - (27 + -28)
8
Calculate 2 - (0 - (-5 + 2)).
-1
-16 + (3 - -8) + -3
-8
Calculate 8 + 1 + (34 - 28) - 6.
9
Calculate 7 + -12 + -12 + 9.
-8
Evaluate -5 + (16 - 1 - 5) - 5.
0
Calculate -1 - -7 - (4 - (3 - 2)).
3
What is the value of 0 + -4 + 6 - -2?
4
What is the value of -6 - (2 + -6 - (5 - 6))?
-3
Calculate (1 - 4) + 0 + 4.
1
What is the value of -3 + 4 + -4 + 5 + 4?
6
What is (-10 - ((5 - 9) + 1)) + 12?
5
What is the value of -4 - (8 - (15 + (8 - 13)))?
-2
What is the value of (-2 - -6) + (6 - 3 - 12)?
-5
Evaluate -4 + 3 + (-2 - -7).
4
Calculate (0 - 2 - -1) + -14 + 16.
1
Evaluate -12 + (1 + 12 - 3).
-2
-7 + -1 - (-3 - -1)
-6
Evaluate 0 + 4 + -2 + 0 + -3.
-1
What is 9 - -1 - (-17 + 6 + 14)?
7
What is -3 + (5 - 2) + 2?
2
Evaluate 2 + -15 + 12 + (5 - 1).
3
Calculate -7 - ((0 - 5) + 2 + 3).
-7
-3 + 7 + (-1 - -2)
5
Calculate 1 + (6 - (-1 - (1 - 5))).
4
Calculate (2 - -2 - 14) + 3.
-7
Calculate -6 + (4 - -4 - (3 + 1)).
-2
What is (-1 - 2) + 11 + -7?
1
Calculate -2 - -7 - (9 - 7) - 7.
-4
What is -2 - (11 + -19 - 2)?
8
What is 10 + -7 - (0 + 3 + -6)?
6
What is the value of (14 - 10) + -5 - (-1 - -2)?
-2
What is 2 + -4 + 3 + -4 + -2?
-5
-8 - (1 + -4) - -7
2
Calculate 5 + (-1 - -3) + -9.
-2
What is the value of -2 - (-5 + (5 - 5))?
3
What is (3 - -1) + -12 + 4 + 4?
0
What is -3 + (-16 + 10 - -9)?
0
What is (-9 - -4) + -1 - (-17 + 9)?
2
What is -6 + 0 + 3 + 3?
0
What is (9 - (5 - 4)) + -5?
3
What is the value of (6 - (9 + -5)) + (-4 - 1)?
-3
What is 1 + (-6 - (-12 - -4))?
3
Evaluate (7 - (-6 - -8 - -6)) + -5.
-6
Calculate -5 + 12 + 1 + -3 + -4.
1
Evaluate 5 + -2 + (-2 - (-2 + 0)).
3
What is -3 - (3 - 3) - -5?
2
What is the value of (15 - 5 - 20) + -1?
-11
What is 0 + (1 - 3) + 0 + -1?
-3
Evaluate 3 + (6 - -1) + -7.
3
What is 3 + (8 - 15) + 1?
-3
8 + (8 - 18) - (0 - -2)
-4
What is the value of 5 + (-4 - 1) + 5?
5
Evaluate 3 + (-2 - 0) - (10 + -6).
-3
-4 + (7 - (2 - -2))
-1
Evaluate 6 + (-2 + -1 + 3 - 4).
2
What is the value of 2 + -4 - (-2 - -2)?
-2
What is (-3 - (-3 - -2)) + -5 + 9?
2
Calculate 11 - 2 - (27 + -17).
-1
Evaluate -11 - (-3 + 6 + -8).
-6
What is 4 + -9 + 1 + (0 - 1)?
-5
Calculate -1 + -1 + 10 + (-289 - -289).
8
What is the value of (-5 - -3) + (-3 - -9)?
4
Evaluate (0 - ((-1 - 1) + -3)) + 4.
9
What is (3 - 5) + 10 + 1 + -5?
4
Calculate -2 - 4 - (-3 + (0 - 0)).
-3
What is 0 + (-9 - -1) - (-1 - -1)?
-8
-1 + (-6 + 1 - (1 + -5))
-2
3 + -1 - 2 - (2 - 6)
4
(-4 - 2) + (35 - 27)
2
Calculate (-8 - -4) + 4 + 5 + -7.
-2
What is (0 - -1) + (-18 - -21)?
4
0 + (-3 + -5 + 5 - -2)
-1
Evaluate -6 - (-4 - -2) - -4.
0
Evaluate (16 - 37) + (5 - -2) - -7.
-7
What is (3 - (-5 + 8)) + (9 - 12)?
-3
Calculate 1 - (8 - (-3 + 4)).
-6
-4 + (-5 - (0 - 4)) + 11
6
What is (13 - (11 + -4)) + 0?
6
What is 6 + 2 + -4 + (-4 - -1)?
1
-1 - 4 - (2 + -2)
-5
What is -1 + (0 - 4) + (3 - 1)?
-3
What is the value of 4 - (-4 + 3 + 2 - -4)?
-1
What is 4 - 4 - (-5 + (-8 - -15))?
-2
Evaluate (1 - 1) + 0 + -2.
-2
(2 - 0) + 5 + -8
-1
What is 2 - 0 - (2 + 2 + 0)?
-2
-2 - -3 - (-4 + 9)
-4
2 - ((5 - 8) + 5)
0
Evaluate -6 + (-4 - -14 - 2) + 2.
4
What is the value of (8 - -1) + (-1 - 4) + 2?
6
Calculate -1 + 6 + -8 + 13 + -6.
4
What is the value of 18 - 4 - (-11 - -21)?
4
What is (-5 - -4) + 0 + -4?
-5
6 - 6 - (-4 + -1)
5
What is the value of 1 + 7 + (-22 - (-12 - -7))?
-9
Evaluate -2 + 7 - (18 + -9).
-4
Calculate 4 + -9 - (1 - (9 + -5)).
-2
Evaluate -40 - -43 - (-1 - -3).
1
What is the value of 1 + -5 + 2 + 7?
5
Calculate (-7 + 0 - -7 - -11) + -4.
7
What is the value of 9 + -6 + -1 + 0?
2
Evaluate (-5 - -2) + (8 - 2) + -3.
0
What is -5 - (-16 + 3 + 3)?
5
Evaluate -3 - (-1 + 1 - -3 - 1).
-5
Calculate -3 - 0 - (6 - 4).
-5
Evaluate -2 + (4 - 0) + 1.
3
What is (2 - 0 - 0) + 7 + -9?
0
Evaluate